{"id":287,"date":"2015-04-14T22:43:37","date_gmt":"2015-04-14T21:43:37","guid":{"rendered":"http:\/\/fontmartel.com\/?page_id=287"},"modified":"2021-10-26T16:43:31","modified_gmt":"2021-10-26T15:43:31","slug":"acces","status":"publish","type":"page","link":"https:\/\/fontmartel.com\/en\/acces\/","title":{"rendered":"Acc\u00e8s"},"content":{"rendered":"<p><iframe style=\"border: 0;\" src=\"https:\/\/www.google.com\/maps\/embed?pb=!1m18!1m12!1m3!1d2857.0888334455976!2d3.8364440000000006!3d44.26699200000001!2m3!1f0!2f0!3f0!3m2!1i1024!2i768!4f13.1!3m3!1m2!1s0x12b47c0fa31c61d5%3A0x3400ff11cf4be603!2sGite+et+Cabanes+Font+Martel!5e0!3m2!1sfr!2sfr!4v1424731677404\" width=\"100%\" height=\"450\" frameborder=\"0\"><\/iframe><\/p>\n<p>Nous sommes entre Al\u00e8s (45 min) et Florac (30 min) \u00e0 700m d&rsquo;altitude.<\/p>\n<ul>\n<li><strong>Nous vous d\u00e9conseillons d&rsquo;utiliser le GPS<\/strong><\/li>\n<li><strong>Prenez le temps de suivre nos instructions en fonction de votre provenance<\/strong><\/li>\n<li><strong>N&rsquo;aller surtout pas au village de St Hilaire de Lavit<br \/><\/strong><\/li>\n<li><strong>En p\u00e9riode hivernale pr\u00e9voir des chaines, n<\/strong><strong>ous sommes situ\u00e9s en moyenne montagne et le temps peut changer brusquement<\/strong><\/li>\n<\/ul>\n<h2>Venir depuis Al\u00e8s<\/h2>\n<ul>\n<li>s<span style=\"color: #000000;\">uivre direction Mende &#8211; P\u00f4le m\u00e9canique par la N106<\/span><\/li>\n<li><span style=\"color: #000000;\">passer La Grand Combe.<\/span><\/li>\n<li><span style=\"color: #000000;\">apr\u00e8s 20 min Le Collet de D\u00e8ze, toujours tout droit direction Florac<\/span><\/li>\n<li><span style=\"color: #000000;\">apr\u00e8s le Collet, ne pas prendre la direction St Hilaire de Lavit sur votre gauche.<\/span><\/li>\n<li><span style=\"color: #000000;\">15 min apr\u00e8s le Collet de D\u00e8ze juste avant St Privat de Vallongue quittez la N106, tournez \u00e0 gauche direction St Germain de Calberte par la D29<\/span><\/li>\n<li><span style=\"color: #000000;\">passez le lieu dit la Rivi\u00e8re remonter la montagne sur 5 km suite de virages en \u00e9pingle.<\/span><\/li>\n<li><span style=\"color: #000000;\">Arrive en haut, \u00e0 l&rsquo;intersection tournez \u00e0 gauche au panneau Font Martel, St Hilaire .<\/span><\/li>\n<li><span style=\"color: #000000;\">Ensuite redescendre sur 500 m\u00e8tres toujours tout droit, les gites sont sur votre droite en contrebas, cl\u00f4ture b<\/span>arri\u00e8res en bois, portail en fer forg\u00e9 avec interphone.<\/li>\n<\/ul>\n<h2>Venir depuis Florac<\/h2>\n<ul>\n<li>A Florac direction Al\u00e8s sur la N106<\/li>\n<li>apr\u00e8s 20 min arriv\u00e9e au col de Jalcreste, tournez \u00e0 droite direction St Germain de Calberte.<\/li>\n<li>apr\u00e8s environ 8min tournez sur votre gauche direction St Hilaire de Lavit vc2 (1er croisement rencontr\u00e9)<\/li>\n<li>500 m apr\u00e8s toujours tout droit direction St Hilaire de Lavit<\/li>\n<li>Ensuite redescendre sur 500 m\u00e8tres toujours tout droit, les gites sont sur votre droite en contrebas, cl\u00f4ture barri\u00e8res en bois, portail en fer forg\u00e9 avec interphone.<\/li>\n<\/ul>\n<h2>Venir depuis St Jean du Gard<\/h2>\n<ul>\n<li>Direction St \u00c9tienne Vall\u00e9e fran\u00e7aise<\/li>\n<li>ensuite direction St Germain de Calberte<\/li>\n<li>puis direction St Andr\u00e9 de Lancize.<\/li>\n<li>A St Andr\u00e9 continuez tout droit<\/li>\n<li>apr\u00e8s 2 km suivre direction Col de Jalcreste (\u00e0 gauche)<\/li>\n<li>faire environ 1.5 km et prendre \u00e0 droite direction St Hilaire de Lavit vc2<\/li>\n<li>500 apr\u00e8s toujours tout droit direction St Hilaire de Lavit<\/li>\n<li>Ensuite redescendre sur 500 m\u00e8tres toujours tout droit, les gites sont sur votre droite en contrebas, cl\u00f4ture barri\u00e8res en bois, portail en fer forg\u00e9 avec interphone.<\/li>\n<\/ul>\n<h3 style=\"text-align: center;\"><strong><span style=\"color: #ff0000;\">Acc\u00e8s en camping car et v\u00e9hicule am\u00e9nag\u00e9 pas possible<\/span><\/strong><\/h3>\n\n\n<p>&nbsp;<\/p>","protected":false},"excerpt":{"rendered":"<p>Nous sommes entre Al\u00e8s (45 min) et Florac (30 min) \u00e0 700m d&rsquo;altitude. Nous vous d\u00e9conseillons d&rsquo;utiliser le GPS Prenez le temps de suivre nos instructions en fonction de votre provenance N&rsquo;aller surtout pas au village de St Hilaire de Lavit En p\u00e9riode hivernale pr\u00e9voir des chaines, nous sommes situ\u00e9s en moyenne montagne et le &hellip; <a href=\"https:\/\/fontmartel.com\/en\/acces\/\" class=\"more-link\">Continue reading<span class=\"screen-reader-text\"> \u00ab\u00a0Acc\u00e8s\u00a0\u00bb<\/span><\/a><\/p>","protected":false},"author":2,"featured_media":0,"parent":0,"menu_order":0,"comment_status":"closed","ping_status":"closed","template":"","meta":{"footnotes":""},"class_list":["post-287","page","type-page","status-publish","hentry"],"yoast_head":"<!-- This site is optimized with the Yoast SEO plugin v26.0 - https:\/\/yoast.com\/wordpress\/plugins\/seo\/ -->\n<title>Acc\u00e8s - G\u00eete et Cabanes en C\u00e9vennes - Font Martel<\/title>\n<meta name=\"robots\" content=\"index, follow, max-snippet:-1, max-image-preview:large, max-video-preview:-1\" \/>\n<link rel=\"canonical\" href=\"https:\/\/fontmartel.com\/en\/acces\/\" \/>\n<meta property=\"og:locale\" content=\"en_US\" \/>\n<meta property=\"og:type\" content=\"article\" \/>\n<meta property=\"og:title\" content=\"Acc\u00e8s - G\u00eete et Cabanes en C\u00e9vennes - Font Martel\" \/>\n<meta property=\"og:description\" content=\"Nous sommes entre Al\u00e8s (45 min) et Florac (30 min) \u00e0 700m d&rsquo;altitude. Nous vous d\u00e9conseillons d&rsquo;utiliser le GPS Prenez le temps de suivre nos instructions en fonction de votre provenance N&rsquo;aller surtout pas au village de St Hilaire de Lavit En p\u00e9riode hivernale pr\u00e9voir des chaines, nous sommes situ\u00e9s en moyenne montagne et le &hellip; Continue reading &quot;Acc\u00e8s&quot;\" \/>\n<meta property=\"og:url\" content=\"https:\/\/fontmartel.com\/en\/acces\/\" \/>\n<meta property=\"og:site_name\" content=\"G\u00eete et Cabanes en C\u00e9vennes - Font Martel\" \/>\n<meta property=\"article:modified_time\" content=\"2021-10-26T15:43:31+00:00\" \/>\n<meta name=\"twitter:card\" content=\"summary_large_image\" \/>\n<meta name=\"twitter:label1\" content=\"Est. reading time\" \/>\n\t<meta name=\"twitter:data1\" content=\"2 minutes\" \/>\n<script type=\"application\/ld+json\" class=\"yoast-schema-graph\">{\"@context\":\"https:\/\/schema.org\",\"@graph\":[{\"@type\":\"WebPage\",\"@id\":\"https:\/\/fontmartel.com\/acces\/\",\"url\":\"https:\/\/fontmartel.com\/acces\/\",\"name\":\"Acc\u00e8s - G\u00eete et Cabanes en C\u00e9vennes - Font Martel\",\"isPartOf\":{\"@id\":\"https:\/\/fontmartel.com\/#website\"},\"datePublished\":\"2015-04-14T21:43:37+00:00\",\"dateModified\":\"2021-10-26T15:43:31+00:00\",\"breadcrumb\":{\"@id\":\"https:\/\/fontmartel.com\/acces\/#breadcrumb\"},\"inLanguage\":\"en-US\",\"potentialAction\":[{\"@type\":\"ReadAction\",\"target\":[\"https:\/\/fontmartel.com\/acces\/\"]}]},{\"@type\":\"BreadcrumbList\",\"@id\":\"https:\/\/fontmartel.com\/acces\/#breadcrumb\",\"itemListElement\":[{\"@type\":\"ListItem\",\"position\":1,\"name\":\"Accueil\",\"item\":\"https:\/\/fontmartel.com\/\"},{\"@type\":\"ListItem\",\"position\":2,\"name\":\"Acc\u00e8s\"}]},{\"@type\":\"WebSite\",\"@id\":\"https:\/\/fontmartel.com\/#website\",\"url\":\"https:\/\/fontmartel.com\/\",\"name\":\"G\u00eete et Cabanes en C\u00e9vennes - Font Martel\",\"description\":\"s\u00e9jour insolite en couple dans parc national des C\u00e9vennes\",\"publisher\":{\"@id\":\"https:\/\/fontmartel.com\/#organization\"},\"potentialAction\":[{\"@type\":\"SearchAction\",\"target\":{\"@type\":\"EntryPoint\",\"urlTemplate\":\"https:\/\/fontmartel.com\/?s={search_term_string}\"},\"query-input\":{\"@type\":\"PropertyValueSpecification\",\"valueRequired\":true,\"valueName\":\"search_term_string\"}}],\"inLanguage\":\"en-US\"},{\"@type\":\"Organization\",\"@id\":\"https:\/\/fontmartel.com\/#organization\",\"name\":\"Font Martel\",\"alternateName\":\"Font Martel\",\"url\":\"https:\/\/fontmartel.com\/\",\"logo\":{\"@type\":\"ImageObject\",\"inLanguage\":\"en-US\",\"@id\":\"https:\/\/fontmartel.com\/#\/schema\/logo\/image\/\",\"url\":\"https:\/\/fontmartel.com\/wp-content\/uploads\/2023\/09\/logo-img.png\",\"contentUrl\":\"https:\/\/fontmartel.com\/wp-content\/uploads\/2023\/09\/logo-img.png\",\"width\":87,\"height\":88,\"caption\":\"Font Martel\"},\"image\":{\"@id\":\"https:\/\/fontmartel.com\/#\/schema\/logo\/image\/\"}}]}<\/script>\n<!-- \/ Yoast SEO plugin. -->","yoast_head_json":{"title":"Acc\u00e8s - G\u00eete et Cabanes en C\u00e9vennes - Font Martel","robots":{"index":"index","follow":"follow","max-snippet":"max-snippet:-1","max-image-preview":"max-image-preview:large","max-video-preview":"max-video-preview:-1"},"canonical":"https:\/\/fontmartel.com\/en\/acces\/","og_locale":"en_US","og_type":"article","og_title":"Acc\u00e8s - G\u00eete et Cabanes en C\u00e9vennes - Font Martel","og_description":"Nous sommes entre Al\u00e8s (45 min) et Florac (30 min) \u00e0 700m d&rsquo;altitude. Nous vous d\u00e9conseillons d&rsquo;utiliser le GPS Prenez le temps de suivre nos instructions en fonction de votre provenance N&rsquo;aller surtout pas au village de St Hilaire de Lavit En p\u00e9riode hivernale pr\u00e9voir des chaines, nous sommes situ\u00e9s en moyenne montagne et le &hellip; Continue reading \"Acc\u00e8s\"","og_url":"https:\/\/fontmartel.com\/en\/acces\/","og_site_name":"G\u00eete et Cabanes en C\u00e9vennes - Font Martel","article_modified_time":"2021-10-26T15:43:31+00:00","twitter_card":"summary_large_image","twitter_misc":{"Est. reading time":"2 minutes"},"schema":{"@context":"https:\/\/schema.org","@graph":[{"@type":"WebPage","@id":"https:\/\/fontmartel.com\/acces\/","url":"https:\/\/fontmartel.com\/acces\/","name":"Acc\u00e8s - G\u00eete et Cabanes en C\u00e9vennes - Font Martel","isPartOf":{"@id":"https:\/\/fontmartel.com\/#website"},"datePublished":"2015-04-14T21:43:37+00:00","dateModified":"2021-10-26T15:43:31+00:00","breadcrumb":{"@id":"https:\/\/fontmartel.com\/acces\/#breadcrumb"},"inLanguage":"en-US","potentialAction":[{"@type":"ReadAction","target":["https:\/\/fontmartel.com\/acces\/"]}]},{"@type":"BreadcrumbList","@id":"https:\/\/fontmartel.com\/acces\/#breadcrumb","itemListElement":[{"@type":"ListItem","position":1,"name":"Accueil","item":"https:\/\/fontmartel.com\/"},{"@type":"ListItem","position":2,"name":"Acc\u00e8s"}]},{"@type":"WebSite","@id":"https:\/\/fontmartel.com\/#website","url":"https:\/\/fontmartel.com\/","name":"G\u00eete et Cabanes en C\u00e9vennes - Font Martel","description":"s\u00e9jour insolite en couple dans parc national des C\u00e9vennes","publisher":{"@id":"https:\/\/fontmartel.com\/#organization"},"potentialAction":[{"@type":"SearchAction","target":{"@type":"EntryPoint","urlTemplate":"https:\/\/fontmartel.com\/?s={search_term_string}"},"query-input":{"@type":"PropertyValueSpecification","valueRequired":true,"valueName":"search_term_string"}}],"inLanguage":"en-US"},{"@type":"Organization","@id":"https:\/\/fontmartel.com\/#organization","name":"Font Martel","alternateName":"Font Martel","url":"https:\/\/fontmartel.com\/","logo":{"@type":"ImageObject","inLanguage":"en-US","@id":"https:\/\/fontmartel.com\/#\/schema\/logo\/image\/","url":"https:\/\/fontmartel.com\/wp-content\/uploads\/2023\/09\/logo-img.png","contentUrl":"https:\/\/fontmartel.com\/wp-content\/uploads\/2023\/09\/logo-img.png","width":87,"height":88,"caption":"Font Martel"},"image":{"@id":"https:\/\/fontmartel.com\/#\/schema\/logo\/image\/"}}]}},"_links":{"self":[{"href":"https:\/\/fontmartel.com\/en\/wp-json\/wp\/v2\/pages\/287","targetHints":{"allow":["GET"]}}],"collection":[{"href":"https:\/\/fontmartel.com\/en\/wp-json\/wp\/v2\/pages"}],"about":[{"href":"https:\/\/fontmartel.com\/en\/wp-json\/wp\/v2\/types\/page"}],"author":[{"embeddable":true,"href":"https:\/\/fontmartel.com\/en\/wp-json\/wp\/v2\/users\/2"}],"replies":[{"embeddable":true,"href":"https:\/\/fontmartel.com\/en\/wp-json\/wp\/v2\/comments?post=287"}],"version-history":[{"count":62,"href":"https:\/\/fontmartel.com\/en\/wp-json\/wp\/v2\/pages\/287\/revisions"}],"predecessor-version":[{"id":1277,"href":"https:\/\/fontmartel.com\/en\/wp-json\/wp\/v2\/pages\/287\/revisions\/1277"}],"wp:attachment":[{"href":"https:\/\/fontmartel.com\/en\/wp-json\/wp\/v2\/media?parent=287"}],"curies":[{"name":"wp","href":"https:\/\/api.w.org\/{rel}","templated":true}]}}

Accès

<p><iframe style="border: 0;" src="https://www.google.com/maps/embed?pb=!1m18!1m12!1m3!1d2857.0888334455976!2d3.8364440000000006!3d44.26699200000001!2m3!1f0!2f0!3f0!3m2!1i1024!2i768!4f13.1!3m3!1m2!1s0x12b47c0fa31c61d5%3A0x3400ff11cf4be603!2sGite+et+Cabanes+Font+Martel!5e0!3m2!1sfr!2sfr!4v1424731677404" width="100%" height="450" frameborder="0"></iframe></p>
<p>Nous sommes entre Alès (45 min) et Florac (30 min) à 700m d&rsquo;altitude.</p>
<ul>
<li><strong>Nous vous déconseillons d&rsquo;utiliser le GPS</strong></li>
<li><strong>Prenez le temps de suivre nos instructions en fonction de votre provenance</strong></li>
<li><strong>N&rsquo;aller surtout pas au village de St Hilaire de Lavit<br /></strong></li>
<li><strong>En période hivernale prévoir des chaines, n</strong><strong>ous sommes situés en moyenne montagne et le temps peut changer brusquement</strong></li>
</ul>
<h2>Venir depuis Alès</h2>
<ul>
<li>s<span style="color: #000000;">uivre direction Mende &#8211; Pôle mécanique par la N106</span></li>
<li><span style="color: #000000;">passer La Grand Combe.</span></li>
<li><span style="color: #000000;">après 20 min Le Collet de Dèze, toujours tout droit direction Florac</span></li>
<li><span style="color: #000000;">après le Collet, ne pas prendre la direction St Hilaire de Lavit sur votre gauche.</span></li>
<li><span style="color: #000000;">15 min après le Collet de Dèze juste avant St Privat de Vallongue quittez la N106, tournez à gauche direction St Germain de Calberte par la D29</span></li>
<li><span style="color: #000000;">passez le lieu dit la Rivière remonter la montagne sur 5 km suite de virages en épingle.</span></li>
<li><span style="color: #000000;">Arrive en haut, à l&rsquo;intersection tournez à gauche au panneau Font Martel, St Hilaire .</span></li>
<li><span style="color: #000000;">Ensuite redescendre sur 500 mètres toujours tout droit, les gites sont sur votre droite en contrebas, clôture b</span>arrières en bois, portail en fer forgé avec interphone.</li>
</ul>
<h2>Venir depuis Florac</h2>
<ul>
<li>A Florac direction Alès sur la N106</li>
<li>après 20 min arrivée au col de Jalcreste, tournez à droite direction St Germain de Calberte.</li>
<li>après environ 8min tournez sur votre gauche direction St Hilaire de Lavit vc2 (1er croisement rencontré)</li>
<li>500 m après toujours tout droit direction St Hilaire de Lavit</li>
<li>Ensuite redescendre sur 500 mètres toujours tout droit, les gites sont sur votre droite en contrebas, clôture barrières en bois, portail en fer forgé avec interphone.</li>
</ul>
<h2>Venir depuis St Jean du Gard</h2>
<ul>
<li>Direction St Étienne Vallée française</li>
<li>ensuite direction St Germain de Calberte</li>
<li>puis direction St André de Lancize.</li>
<li>A St André continuez tout droit</li>
<li>après 2 km suivre direction Col de Jalcreste (à gauche)</li>
<li>faire environ 1.5 km et prendre à droite direction St Hilaire de Lavit vc2</li>
<li>500 après toujours tout droit direction St Hilaire de Lavit</li>
<li>Ensuite redescendre sur 500 mètres toujours tout droit, les gites sont sur votre droite en contrebas, clôture barrières en bois, portail en fer forgé avec interphone.</li>
</ul>
<h3 style="text-align: center;"><strong><span style="color: #ff0000;">Accès en camping car et véhicule aménagé pas possible</span></strong></h3>


<p>&nbsp;</p>

<p>Nous sommes entre Alès (45 min) et Florac (30 min) à 700m d&rsquo;altitude. Nous vous déconseillons d&rsquo;utiliser le GPS Prenez le temps de suivre nos instructions en fonction de votre provenance N&rsquo;aller surtout pas au village de St Hilaire de Lavit En période hivernale prévoir des chaines, nous sommes situés en moyenne montagne et le &hellip; <a href="https://fontmartel.com/en/acces/" class="more-link">Continue reading<span class="screen-reader-text"> « Accès »</span></a></p>

<!-- This site is optimized with the Yoast SEO plugin v26.0 - https://yoast.com/wordpress/plugins/seo/ -->
<title>Accès - Gîte et Cabanes en Cévennes - Font Martel</title>
<meta name="robots" content="index, follow, max-snippet:-1, max-image-preview:large, max-video-preview:-1" />
<link rel="canonical" href="https://fontmartel.com/en/acces/" />
<meta property="og:locale" content="en_US" />
<meta property="og:type" content="article" />
<meta property="og:title" content="Accès - Gîte et Cabanes en Cévennes - Font Martel" />
<meta property="og:description" content="Nous sommes entre Alès (45 min) et Florac (30 min) à 700m d&rsquo;altitude. Nous vous déconseillons d&rsquo;utiliser le GPS Prenez le temps de suivre nos instructions en fonction de votre provenance N&rsquo;aller surtout pas au village de St Hilaire de Lavit En période hivernale prévoir des chaines, nous sommes situés en moyenne montagne et le &hellip; Continue reading &quot;Accès&quot;" />
<meta property="og:url" content="https://fontmartel.com/en/acces/" />
<meta property="og:site_name" content="Gîte et Cabanes en Cévennes - Font Martel" />
<meta property="article:modified_time" content="2021-10-26T15:43:31+00:00" />
<meta name="twitter:card" content="summary_large_image" />
<meta name="twitter:label1" content="Est. reading time" />
	<meta name="twitter:data1" content="2 minutes" />
<script type="application/ld+json" class="yoast-schema-graph">{"@context":"https://schema.org","@graph":[{"@type":"WebPage","@id":"https://fontmartel.com/acces/","url":"https://fontmartel.com/acces/","name":"Accès - Gîte et Cabanes en Cévennes - Font Martel","isPartOf":{"@id":"https://fontmartel.com/#website"},"datePublished":"2015-04-14T21:43:37+00:00","dateModified":"2021-10-26T15:43:31+00:00","breadcrumb":{"@id":"https://fontmartel.com/acces/#breadcrumb"},"inLanguage":"en-US","potentialAction":[{"@type":"ReadAction","target":["https://fontmartel.com/acces/"]}]},{"@type":"BreadcrumbList","@id":"https://fontmartel.com/acces/#breadcrumb","itemListElement":[{"@type":"ListItem","position":1,"name":"Accueil","item":"https://fontmartel.com/"},{"@type":"ListItem","position":2,"name":"Accès"}]},{"@type":"WebSite","@id":"https://fontmartel.com/#website","url":"https://fontmartel.com/","name":"Gîte et Cabanes en Cévennes - Font Martel","description":"séjour insolite en couple dans parc national des Cévennes","publisher":{"@id":"https://fontmartel.com/#organization"},"potentialAction":[{"@type":"SearchAction","target":{"@type":"EntryPoint","urlTemplate":"https://fontmartel.com/?s={search_term_string}"},"query-input":{"@type":"PropertyValueSpecification","valueRequired":true,"valueName":"search_term_string"}}],"inLanguage":"en-US"},{"@type":"Organization","@id":"https://fontmartel.com/#organization","name":"Font Martel","alternateName":"Font Martel","url":"https://fontmartel.com/","logo":{"@type":"ImageObject","inLanguage":"en-US","@id":"https://fontmartel.com/#/schema/logo/image/","url":"https://fontmartel.com/wp-content/uploads/2023/09/logo-img.png","contentUrl":"https://fontmartel.com/wp-content/uploads/2023/09/logo-img.png","width":87,"height":88,"caption":"Font Martel"},"image":{"@id":"https://fontmartel.com/#/schema/logo/image/"}}]}</script>
<!-- / Yoast SEO plugin. -->

Accès - Gîte et Cabanes en Cévennes - Font Martel

Nous sommes entre Alès (45 min) et Florac (30 min) à 700m d&rsquo;altitude. Nous vous déconseillons d&rsquo;utiliser le GPS Prenez le temps de suivre nos instructions en fonction de votre provenance N&rsquo;aller surtout pas au village de St Hilaire de Lavit En période hivernale prévoir des chaines, nous sommes situés en moyenne montagne et le &hellip; Continue reading "Accès"

Gîte et Cabanes en Cévennes - Font Martel

séjour insolite en couple dans parc national des Cévennes
